er?
True
Is 24438241 a prime number?
False
Is 490991 a prime number?
True
Is 60563669 a prime number?
False
Is 6289697 a composite number?
False
Is 45908663 a prime number?
False
Is 5795863 a composite number?
True
Is 54055997 prime?
True
Is 75588203 a prime number?
True
Is 12405089 prime?
True
Is 66378323 prime?
False
Is 15721346 prime?
False
Is 3058271 prime?
False
Is 24131053 a composite number?
True
Is 103778927 composite?
True
Is 3418471 prime?
False
Is 60461917 a composite number?
True
Is 57946337 composite?
True
Is 87882909 a prime number?
False
Is 68196341 a prime number?
True
Is 80256457 a composite number?
True
Is 3034411 composite?
True
Is 3141595 prime?
False
Is 20244409 a prime number?
True
Is 1485391 composite?
True
Is 148791 a composite number?
True
Is 1721989 a composite number?
True
Is 94968773 composite?
False
Is 17873467 prime?
True
Is 54936283 a prime number?
True
Is 163876847 a composite number?
False
Is 1492397 prime?
False
Is 39181587 a composite number?
True
Is 3194981 a prime number?
True
Is 2520353 prime?
False
Is 6352343 prime?
True
Is 1272199 composite?
True
Is 13702501 a prime number?
False
Is 119677033 a prime number?
False
Is 92999 composite?
True
Is 2554693 prime?
False
Is 112813 prime?
False
Is 346692161 a prime number?
True
Is 119133957 a composite number?
True
Is 35062837 a composite number?
False
Is 1110673 a composite number?
True
Is 3946541 a composite number?
False
Is 5262437 prime?
True
Is 3848017 prime?
True
Is 26715467 a composite number?
True
Is 602022997 a prime number?
True
Is 14613733 prime?
True
Is 8326699 a composite number?
True
Is 658976293 a composite number?
True
Is 7147909 composite?
True
Is 6078131 a composite number?
True
Is 3592169 a prime number?
False
Is 16481029 a composite number?
False
Is 6082043 a composite number?
True
Is 753778 a composite number?
True
Is 13631459 a prime number?
True
Is 227020697 prime?
True
Is 67173947 a composite number?
True
Is 196602529 a prime number?
False
Is 177099049 a prime number?
False
Is 3962787 a composite number?
True
Is 478400717 a prime number?
True
Is 17242483 composite?
False
Is 1473691 a prime number?
False
Is 224225369 a prime number?
True
Is 26602547 a prime number?
True
Is 14522207 a prime number?
False
Is 62621231 a composite number?
False
Is 57162329 a composite number?
True
Is 23133257 composite?
True
Is 516535 a prime number?
False
Is 9031579 prime?
True
Is 10062121 a prime number?
True
Is 2774843 a composite number?
False
Is 12839609 prime?
True
Is 7563077 prime?
False
Is 5497963 a prime number?
True
Is 192505 composite?
True
Is 4916495 a prime number?
False
Is 8930519 prime?
False
Is 13841201 a prime number?
False
Is 19783097 a prime number?
True
Is 319709 a composite number?
True
Is 4403561 a composite number?
True
Is 14554301 a composite number?
False
Is 34402541 a composite number?
True
Is 2325341 a prime number?
False
Is 6694463 a composite number?
False
Is 1984429 prime?
True
Is 1421363 a composite number?
True
Is 67841 a composite number?
True
Is 66809 a composite number?
False
Is 4631539 prime?
False
Is 246836347 a prime number?
True
Is 8776361 prime?
False
Is 55258727 composite?
False
Is 2030821 a composite number?
True
Is 20084491 prime?
False
Is 784705 composite?
True
Is 82543243 a prime number?
True
Is 284777 prime?
True
Is 143049503 prime?
True
Is 22749761 prime?
True
Is 41975777 a prime number?
True
Is 130315007 prime?
True
Is 9580629 composite?
True
Is 4487707 composite?
True
Is 78348497 a composite number?
False
Is 454861291 a composite number?
False
Is 1312174651 a prime number?
True
Is 8561311 composite?
True
Is 171470363 a prime number?
True
Is 34082842 a composite number?
True
Is 436428327 composite?
True
Is 1386701 prime?
False
Is 689761 composite?
False
Is 1124267 composite?
False
Is 5419981 composite?
True
Is 29959042 a prime number?
False
Is 455291 a prime number?
True
Is 21031457 a composite number?
False
Is 432370119 a prime number?
False
Is 3661459 a composite number?
True
Is 4590793 prime?
True
Is 1846769 a composite number?
False
Is 417041 a prime number?
False
Is 21104591 a composite number?
False
Is 4983009 a prime number?
False
Is 539921 composite?
False
Is 13577462 composite?
True
Is 159133171 composite?
False
Is 6035189 a prime number?
True
Is 2278526 composite?
True
Is 34854671 prime?
True
Is 30413729 composite?
False
Is 1162547 composite?
False
Is 5926039 a prime number?
False
Is 3016087 a prime number?
False
Is 60572227 composite?
False
Is 40136593 composite?
True
Is 34703573 a composite number?
True
Is 6954191 a prime number?
True
Is 2147839 a prime number?
True
Is 32315939 prime?
False
Is 310034033 a prime number?
True
Is 62597641 composite?
False
Is 503681953 prime?
True
Is 382693 a prime number?
True
Is 170047 a composite number?
False
Is 11698561 a prime number?
False
Is 72708542 prime?
False
Is 1273367 prime?
True
Is 726086947 a prime number?
True
Is 7648994 a composite number?
True
Is 9924383 composite?
True
Is 48887383 a prime number?
False
Is 57936773 a prime number?
True
Is 6877553 prime?
False
Is 150860299 composite?
False
Is 22873 a composite number?
True
Is 41103323 composite?
True
Is 1385683 a prime number?
False
Is 22898131 a composite number?
True
Is 345769279 composite?
False
Is 70411879 a composite number?
True
Is 54950687 composite?
True
Is 1215221807 a composite number?
True
Is 753409 composite?
False
Is 4751657 a composite number?
False
Is 6518017 composite?
True
Is 59444653 prime?
True
Is 13462619 a prime number?
True
Is 1646003 prime?
False
Is 708733 prime?
True
Is 5833213 prime?
False
Is 142281659 composite?
True
Is 79988161 prime?
False
Is 4033499 composite?
False
Is 30553127 prime?
False
Is 111701921 a prime number?
True
Is 4889123 a prime number?
False
Is 290881 a composite number?
True
Is 10530523 composite?
True
Is 10552813 composite?
False
Is 46328381 a composite number?
True
Is 17478365 prime?
False
Is 73391 prime?
False
Is 2296633 prime?
True
Is 1043969 a composite number?
False
Is 18058561 composite?
True
Is 6137251 prime?
False
Is 14210653 composite?
False
Is 972967 composite?
False
Is 6053543 prime?
True
Is 48348229 a composite number?
True
Is 4052983 a prime number?
False
Is 36479 a composite number?
False
Is 14172911 composite?
False
Is 1220071 prime?
True
Is 135449815 a composite number?
True
Is 35514107 composite?
True
Is 815411 prime?
True
Is 2021321 composite?
False
Is 9914921 a prime number?
False
Is 55653449 a prime number?
True
Is 140800841 a prime number?
True
Is 1222063 a prime number?
True
Is 25539526 a composite number?
True
Is 17168269 a prime number?
True
Is 79517369 a prime number?
True
Is 19764007 composite?
True
Is 3662881 prime?
True
Is 1519121 a composite number?
False
Is 10317031 composite?
False
Is 2463569915 a composite number?
True
Is 323371573 prime?
False
Is 11468437 a prime number?
True
Is 1539859 a prime number?
True
Is 15593587 a composite number?
True
Is 21266041 composite?
True
Is 91052447 composite?
False
Is 161647419 composite?
True
Is 183078923 a composite number?
True
Is 13670851 prime?
True
Is 3188803 prime?
True
Is 1381207 composite?
False
Is 98786227 a composite number?
False
Is 4007371 a composite number?
True
Is 2110709 a prime number?
True
Is 460051 composite?
False
Is 1609146379 composite?
True
Is 12807229 composite?
False
Is 258717805 prime?
False
Is 8596149 composite?
True
Is 6503 prime?
False
Is 605629 prime?
True
Is 10337537 a composite number?
True
Is 1277753 composite?
False
Is 237054995 a composite number?
True
Is 125105401 composite?
False
Is 5691578 a prime number?
False
Is 20414818 prime?
False
Is 284611571 composite?
False
Is 146513581 a composite number?
True
Is 1982503 a prime number?
False
Is 61027201 composite?
True
Is 200034047 a prime number?
True
Is 83657771 prime?
False
Is 36863293 composite?
True
Is 4508771 composite?
False
Is 676979 a composite number?
False
Is 5330837 a prime number?
True
Is 13704241 a prime number?
True
Is 13797821 a composite number?
True
Is 12215191 a composite number?
False
Is 12773413 a composite number?
False
Is 13211519 a prime number?
True
Is 159814261 a composite number?
False
Is 9279271 a composite number?
True
Is 88265447 a prime number?
True
Is 63081791 a composite numb